{"id":1509,"date":"2015-07-16T13:33:43","date_gmt":"2015-07-16T16:33:43","guid":{"rendered":"http:\/\/webvasco.com\/artigos\/?page_id=1509"},"modified":"2016-01-13T17:50:53","modified_gmt":"2016-01-13T20:50:53","slug":"noticias","status":"publish","type":"page","link":"https:\/\/webvasco.com\/artigos\/noticias\/","title":{"rendered":"Not\u00edcias"},"content":{"rendered":"<p><strong>Aqui voc\u00ea encontra o\u00a0que est\u00e3o falando\u00a0sobre o\u00a0Vasco na Web.<br \/>\n<\/strong>(N\u00f3s n\u00e3o fazemos filtros de reportagens &#8211; a responsabilidade das reportagens abaixo s\u00e3o dos autores das mesmas)<\/p>\n<p>[powr-rss-feed label=&#8221;globo&#8221;]<\/p>\n","protected":false},"excerpt":{"rendered":"<p>Aqui voc\u00ea encontra o\u00a0que est\u00e3o falando\u00a0sobre o\u00a0Vasco na Web. (N\u00f3s n\u00e3o fazemos filtros de reportagens&#8230;<\/p>\n","protected":false},"author":1,"featured_media":0,"parent":0,"menu_order":0,"comment_status":"open","ping_status":"closed","template":"","meta":{"footnotes":""},"class_list":["post-1509","page","type-page","status-publish","hentry"],"_links":{"self":[{"href":"https:\/\/webvasco.com\/artigos\/wp-json\/wp\/v2\/pages\/1509","targetHints":{"allow":["GET"]}}],"collection":[{"href":"https:\/\/webvasco.com\/artigos\/wp-json\/wp\/v2\/pages"}],"about":[{"href":"https:\/\/webvasco.com\/artigos\/wp-json\/wp\/v2\/types\/page"}],"author":[{"embeddable":true,"href":"https:\/\/webvasco.com\/artigos\/wp-json\/wp\/v2\/users\/1"}],"replies":[{"embeddable":true,"href":"https:\/\/webvasco.com\/artigos\/wp-json\/wp\/v2\/comments?post=1509"}],"version-history":[{"count":15,"href":"https:\/\/webvasco.com\/artigos\/wp-json\/wp\/v2\/pages\/1509\/revisions"}],"predecessor-version":[{"id":5775,"href":"https:\/\/webvasco.com\/artigos\/wp-json\/wp\/v2\/pages\/1509\/revisions\/5775"}],"wp:attachment":[{"href":"https:\/\/webvasco.com\/artigos\/wp-json\/wp\/v2\/media?parent=1509"}],"curies":[{"name":"wp","href":"https:\/\/api.w.org\/{rel}","templated":true}]}}